**3/2 - 11*i**2/2 + 3*i. Calculate the remainder when ((-12)/12)/((3/(-19))/3) is divided by j(-6).
5
Suppose -271*a + 278*a = 420. Calculate the remainder when 230 is divided by a.
50
Suppose -25*q = -31*q + 54. Let w be (-30)/25*(0 + -20). Let j = w + -8. What is the remainder when j is divided by q?
7
Let q = -4 + -20. Calculate the remainder when (q/(-9))/(-1)*-9 is divided by 13.
11
Suppose -190 = -15*y + 155. Suppose 2*s = 7*s - 40. Calculate the remainder when y is divided by s.
7
Suppose -11*v + 34 = -9*v. Let c be 9/(-6)*8/(-6). What is the remainder when v is divided by -1 + c + -2 + 6?
2
Suppose 10 = -h - 4*o, 2*h - 4 = -0*o + 4*o. Let x be -12*h*1/8. Suppose x*p = 3*t - t - 68, -2*t = 4*p - 68. What is the remainder when t is divided by 12?
10
Let l be (-258)/(-12)*(-2)/1. Let s = -10 - l. What is the remainder when 64 is divided by s?
31
Suppose 266 = 864*s - 850*s. What is the remainder when 339 is divided by s?
16
Let g(t) = 4*t**2 - 2. Let c(o) = o**3 + 23 - 8*o**2 + 11*o - 3*o - 2 - 2*o**2. What is the remainder when g(-3) is divided by c(9)?
10
Let l = 68 - 47. Suppose -4*f - 4*t = -2*f - 124, -4*f + t = -230. Calculate the remainder when f is divided by l.
16
Suppose 6*g - 221 = 169. Let y = -52 - -76. Let r = 41 - y. What is the remainder when g is divided by r?
14
Let r = 22 + -24. Let o be 15 + -10 - 6/r. Suppose -t - o - 2 = -c, -t - 38 = -5*c. What is the remainder when c is divided by 4?
3
Let n(k) be the second derivative of k**5/20 + 11*k**4/12 - k**3/6 + 17*k**2/2 + 9*k. What is the remainder when 109 is divided by n(-11)?
25
Suppose 2*n + 4*d - 140 = 7*n, 28 = -2*n - 4*d. Let z = n - -52. Let s = z - 7. Calculate the remainder when s is divided by 12.
9
Let q = 22 - 16. Let i(h) = -h**3 + 7*h**2 - 3*h - 4. Calculate the remainder when (-2 - (48 + 3))*-1 is divided by i(q).
11
Let x be (5 - 3)/1 + 1. Let u(m) = 2*m**2 + 4*m + 1. Let z(f) = -7*f + 1. What is the remainder when u(x) is divided by z(-1)?
7
Let v(s) = 13*s - 205. What is the remainder when 347 is divided by v(17)?
11
Let n(h) = 4*h**3 - 5*h**2 - 10*h + 17. What is the remainder when n(3) is divided by 13?
11
Suppose -37 = -3*w - 7. Suppose -101*p + 98*p = -219. Suppose -68*h - 195 = -p*h. What is the remainder when h is divided by w?
9
Let w(l) = -l**3 - 2*l**2 - 2*l. Suppose -58*q + 1116 + 102 = 0. Calculate the remainder when w(-4) is divided by q.
19
Let r = -322 + 465. What is the remainder when r is divided by 54?
35
Suppose 0 = -z - 3*z + 92. Suppose 0 = -18*u - 11*u + 9*u. Suppose z = i - 5*x, -3*i + 4*x + 35 + 23 = u. Calculate the remainder when i is divided by 7.
4
Let a = 630 - 441. Suppose 186*n + 90 = a*n. What is the remainder when n is divided by 22?
8
Suppose -30*q + 2*q = -6272. Calculate the remainder when q is divided by 25.
24
Let z(l) = -l**3 - l**2 + l. Let t(a) = 6*a**3 + 12*a**2 - 4*a + 4. Let f(s) = t(s) + 5*z(s). Let m = 1 + -7. What is the remainder when f(m) is divided by 9?
7
Suppose g = 0, 71 + 49 = 3*c + 5*g. Suppose h + 3 = 8. Suppose h*j + o = 103, 2*o = -5*j - 0*j + 101. What is the remainder when c is divided by j?
19
Let c(t) = 2*t + 7. Let m be c(4). Suppose y - 4*y + m = 0. Suppose -u + y*v = 2*v - 35, 8 = -4*v. What is the remainder when u is divided by 15?
14
Let u(x) = -x - 8. Let n be u(-11). Let z be (n - (4 - -1))/2. Let k(j) = -15*j - 4. What is the remainder when 31 is divided by k(z)?
9
Let x = -92 + 94. Suppose -2*k + 43 = l, 0 = -x*l + 3*k - 0*k + 72. What is the remainder when 106 is divided by l?
28
Suppose x + 18*x = 1311. What is the remainder when x is divided by 12?
9
Let c be 5/(-5)*-5*1. Suppose c*i + 3*y = 70, -y = 4*i - 39 - 24. Calculate the remainder when i is divided by (-2)/(-3) + (-112)/(-12).
7
Suppose -14 = -2*a + 3*u - u, -2*a - 3*u = 6. Let j(i) = 3*i**3 - 7*i**2 + 9*i - 6. Calculate the remainder when j(a) is divided by 15.
9
Suppose -7*c + 52 = 164. Let y = c - -45. Calculate the remainder when 56 is divided by y.
27
Let l = 15 - -10. What is the remainder when 247 is divided by l?
22
Let n = 6659 + -6655. Suppose 0 = -4*u - u + 10. What is the remainder when n is divided by u?
0
Let u(m) = -2*m**3 + 11*m**2 - 26*m**2 + 14*m - 8 + m**3. Calculate the remainder when u(-16) is divided by 13.
11
Let w be -4 - -15 - (-2)/(-2). Suppose -r - 2*n = -0*r + 3, 2*n = -w. Calculate the remainder when 26 is divided by (-2)/r - (-300)/21.
12
Let x(w) = -w**3 + 21*w**2 - 27*w - 40. Calculate the remainder when x(19) is divided by 55.
4
Let h be (206/4)/(6/(-1 + 13)). Let u(i) = i**3 + i + 21. Let l be u(0). What is the remainder when 6/l - h/(-7) is divided by 3?
0
Let c(d) = 4*d + 127. Calculate the remainder when c(26) is divided by 59.
54
Let k = -192 - -227. What is the remainder when 838 is divided by k?
33
Let m be 2/8 + 171/(-12). Let n(u) = -72 + 36 + u**2 + 9*u + 4*u + 28. Calculate the remainder when 11 is divided by n(m).
5
Suppose 17*a - 14*a = -3*p + 54, 3*a = -p + 28. What is the remainder when 415 is divided by p?
12
Suppose 0*l - 5*l + 70 = -u, -5*u - 260 = 5*l. Let p = u - -69. Calculate the remainder when 36 is divided by p.
8
Suppose 0 = -12*q + 105 + 111. What is the remainder when 209 is divided by q?
11
Calculate the remainder when 536 is divided by (-98)/(2 + -2 + -2).
46
Let w(f) = 43*f - 380. Calculate the remainder when 117 is divided by w(9).
5
What is the remainder when 93 is divided by 72 + -75 - (1 + -57)?
40
Let i = 2 + 8. Suppose 6 = u + 1. Suppose a + 32 = f, 5 + 9 = f + u*a. Calculate the remainder when f is divided by i.
9
Let c(y) = 2*y**2 + 48*y + 195. Calculate the remainder when (-15)/6*-1*4 is divided by c(-5).
0
Let v be (-10)/(-20)*-2*4. Calculate the remainder when 4/v + 2 + 26 is divided by 6.
3
Let j(w) = w**2 + 13*w + 14. Let a be j(-12). Suppose 0*m + m - 3*n - 22 = 0, 0 = a*n. Calculate the remainder when m is divided by 13.
9
Suppose 2*a - 11*k - 72 = -7*k, 2*a = 3*k + 72. What is the remainder when 357 is divided by a?
33
Suppose 0 = -k - 27*t + 31*t, 3*k = t + 11. Suppose -2 - 6 = -3*s + 5*z, 0 = 5*s - 4*z - 35. Calculate the remainder when s is divided by k.
3
Let i = 82 - 34. What is the remainder when i is divided by 10?
8
Let s(t) = -t**3 - 8*t**2 - 3*t - 4. Suppose -5*g = -2*m + 24, -4*m + 1 - 9 = 4*g. Let i = 11 + g. What is the remainder when s(-8) is divided by i?
6
Let h(x) = -14*x - 14. Let b(d) = -6*d - 18. Let s(j) = j + 1. Let z(i) = b(i) + 9*s(i). Calculate the remainder when z(11) is divided by h(-2).
10
What is the remainder when (-4)/(132/(-16539)) - 2/11 is divided by 42?
39
Suppose 4*v = -v + 10. Calculate the remainder when 72 is divided by (16 + 22)/(v*1).
15
Let b = 89 + -79. Calculate the remainder when 22 is divided by 1*(12 - b)/((-2)/(-8)).
6
Let g(w) = -w**3 - 12*w**2 - 14*w + 5. What is the remainder when g(-11) is divided by 13?
12
Let a = -311 + 464. Let f(t) = -3*t**3 + 21*t**2 - 13*t + 1. Calculate the remainder when a is divided by f(6).
29
Suppose l - 6*m = -3*m + 33, 3*l = -m + 149. What is the remainder when 105 is divided by l?
9
Suppose 4140 + 324 = 48*v. Calculate the remainder when 191 is divided by v.
5
Let b(u) = u**2 + 13*u + 8. Let c be b(-13). Let i = c - 5. Suppose j + 2*j = -3*s + 9, i*s = 5*j + 49. What is the remainder when 29 is divided by s?
5
Suppose -3*a - 4*n - 5 = 0, 0 = 4*a - 5*n + 4*n - 25. Suppose a*v = -15 + 115. What is the remainder when 95 is divided by v?
15
Suppose -16*i + 624 = -4*i. What is the remainder when 151 is divided by i?
47
Let s = 119 + -58. Suppose 0 = 7*z - 187 + s. What is the remainder when z is divided by 3?
0
Let f(m) = 5*m**2 + 7*m - 4. Suppose 2*g = -3*g - 2*a - 78, -4*g - 52 = -a. Let r = -4 - g. What is the remainder when f(-4) is divided by r?
8
Let w(s) = 2*s**2 - 34*s + 21. Suppose -5*j - 11 = -61. What is the remainder when w(18) is divided by 124/j + 6/(-15)?
9
Let l(v) = -4*v + 9. Let x be l(7). Let h = x + 41. Calculate the remainder when 70 is divided by (-2)/(-4) - (-517)/h.
22
Let n = -7 + 22. Let o be (20/n)/(8/18). Suppose x + 3*k - 43 = 0, 5*x = -o*k + 257 + 18. What is the remainder when x is divided by 15?
13
Let w = 48 + -36. Suppose 3*x + 272 = -4*l - x, l - 4*x = -73. What is the remainder when (l/6)/(2/(-8)) is divided by w?
10
Suppose 0 = 